ded by 16?
13
Let z be (0 + 2)/2 + 1. Suppose c + z = 4*k, -c + 5*k = -2*c - 29. Calculate the remainder when 52 is divided by (-4)/6*231/c.
8
Let z(r) = 8*r**2 + r - 14. Let o be z(6). Suppose 0*h + 10*h = o. What is the remainder when 107 is divided by h?
23
Let y be (1 + 1 + -5)/(-1) - 0. Suppose -y*m + 0*m + 5*v + 17 = 0, 1 = -m + 5*v. Calculate the remainder when 50 is divided by m.
5
Calculate the remainder when 696 is divided by (-340)/238 + (-258)/(-14).
16
Suppose 4*k = n - 11, 3*k = 3*n + 3 - 18. Suppose 3*i - 5*i = -2*t + 106, -155 = -n*t + 5*i. What is the remainder when t is divided by 14/(-5)*(-1 - 4)?
13
Calculate the remainder when 47 is divided by (-119)/(-34)*((-60)/(-21))/1.
7
Let k(z) = 2*z**2 + 6*z - 3. Suppose -3*q + 142 - 26 = p, -q - 2*p = -42. Suppose -5*t - q = -8. Calculate the remainder when k(t) is divided by 12.
9
Suppose -2*z = -17 - 23. Suppose -7*k + 10*k - 103 = -2*n, -105 = -2*n - 5*k. Calculate the remainder when n is divided by z.
10
Let a be 0*((-25)/10 - -2). Suppose -2*l + 4 = a, -3*i - 3*l + 46 = i. Calculate the remainder when 16 is divided by i.
6
Suppose g - 3*k = 26, -2*g + 6 = 2*k - 14. Calculate the remainder when 124 is divided by g.
12
Suppose 0 = 5*f + h - 105, 0*h - 5*h - 55 = -4*f. Calculate the remainder when f is divided by 16.
4
Suppose 5*u - 8*v + 6*v = 131, -5*u - 4*v = -143. Calculate the remainder when 88 is divided by u.
7
Let c(v) = -v**2 + 8*v - 6. Let d be -3*4/(-6) - -4. Suppose -4*o + 96 = 5*b - 2*b, -46 = -2*o - b. Calculate the remainder when o is divided by c(d).
3
Let j(i) = -i**2 + 14*i + 31. Let c be j(17). What is the remainder when (1/(c/(-136)))/(1/5) is divided by 13?
8
Suppose 20*z - 4 = 24*z. Let u = z - -26. Calculate the remainder when 98 is divided by u.
23
Suppose 89*n = 99*n - 490. Calculate the remainder when n is divided by 13.
10
Suppose -2*b + 7*b + 7 = -4*v, 3*b + 5 = -2*v. Suppose -4*j + 114 = 2*a - 4*a, -90 = -3*j - 3*a. What is the remainder when j is divided by v + 8 - (0 + 0)?
9
Suppose 66 = 4*g - g. Let u = g + 0. Let o(h) = 4*h - 1. What is the remainder when o(11) is divided by u?
21
Let c(a) = -57*a**2 + 4*a - 3. Let p(w) = 56*w**2 - 3*w + 2. Let q(t) = 2*c(t) + 3*p(t). What is the remainder when q(1) is divided by 14?
11
Let j(y) = y**3 + 9*y**2 - 13*y - 32. What is the remainder when j(-5) is divided by 46?
41
Suppose 281*q - 113*q = -232*q + 4800. Suppose 3*o - 255 + 81 = 0. What is the remainder when o is divided by q?
10
Let k(o) = -o**3 - 9*o**2 - 16*o - 8. Let i be k(-7). Suppose -i*y + 203 = -271. Let b = 41 - 25. What is the remainder when y is divided by b?
15
Let n(j) = -2*j**3 + j**2 + 2. Calculate the remainder when n(-3) is divided by (456/16)/(9/6).
8
Suppose 5*v = 5*u - 125, -5*u + 2*v - 7 = -120. Calculate the remainder when 81 is divided by u.
18
Calculate the remainder when (-120 + -2)*59/(-118) is divided by 12.
1
Suppose 10*w + 81 = 13*w. Let c = 6 - -4. What is the remainder when w is divided by c?
7
Suppose -w - w + 6 = 0, -4*u = 5*w - 167. What is the remainder when 78 is divided by u?
2
Calculate the remainder when (-1)/(3/6) + (148 - -47) is divided by 66.
61
Let x = 65 + -32. Let b = -4 + 16. What is the remainder when x is divided by b?
9
What is the remainder when 42/(-105)*(-185)/2 is divided by 13?
11
Suppose 6*q + 0*q = 0. Suppose q*l - 2*l + 6 = 0. Suppose l*b - 119 = 2*p - p, -79 = -2*b + p. Calculate the remainder when b is divided by 22.
18
Suppose -4*x + 5*s = -70, 18 = 28*x - 27*x - s. Calculate the remainder when 174 is divided by x.
14
Let u = -25 - -56. Calculate the remainder when 19560/160 - 2/8 is divided by u.
29
Suppose 3*w + 119 = 143. What is the remainder when (-3 + 0)*1*-7 is divided by w?
5
Let w = 757 - 161. Suppose -4*k + 62 = r, 2*r = 2*k + 2*k + 112. What is the remainder when r is divided by 1/5 - w/(-20)?
28
Let v be 1108/5 - (-12)/30. Let k = 391 - v. Calculate the remainder when k is divided by 43.
40
Suppose 3*a + 4*q - 250 = 0, 5*q - 205 = -3*a + 43. Calculate the remainder when 341 is divided by a.
83
Let c(t) = t + 5. Let b = -51 - -56. What is the remainder when 26 is divided by c(b)?
6
Let a(m) = m**3 + 13*m**2 - 14*m + 13. Let o be a(-13). Suppose -2*w + o = 5*n, 5*n - 2*w = 2*w + 165. What is the remainder when 73 is divided by n?
36
Let w be (20/(-8))/((-2)/4). Suppose -3*v + 6*v = -w*c + 134, -5*c + 136 = 2*v. Suppose 0*u - 5*u = -75. What is the remainder when c is divided by u?
13
Let w be (71 - 0)/(-3 + 1)*2. Let b = w - -114. What is the remainder when b is divided by 23?
20
Let p(y) be the second derivative of -y**3 - y**2/2 + 3*y. Suppose 0 - 21 = -n. Calculate the remainder when n is divided by p(-2).
10
Let v = 52 + -11. What is the remainder when 162 is divided by v?
39
Suppose 42 = -8*x + 10*x. Suppose 0*u = -2*u + 24. What is the remainder when x is divided by u?
9
Let f = -153 - -180. Calculate the remainder when 240 is divided by f.
24
Let b be (0 - 5)*2 + -2. Let i = -8 - b. Suppose -k = -i*k + q + 53, 0 = 5*k - 4*q - 93. Calculate the remainder when 66 is divided by k.
15
Let v = 293 - 249. Calculate the remainder when 131 is divided by v.
43
Suppose 4*v - 5*o = 104, 2*v + o + 6 = 72. Suppose 440 = 5*b + 2*c, 3*b - 374 = -5*c - 129. Calculate the remainder when b is divided by v.
28
Suppose 0 = 13*k - 30*k + 323. What is the remainder when 73 is divided by k?
16
Let y(o) = 5*o**2 - 37*o - 119. What is the remainder when 79 is divided by y(-3)?
5
Let j(k) = -4*k + 0 + 4*k**2 + 1 + 2*k + 0*k**2 - k**3. Suppose 4*d + 1 = 9. Calculate the remainder when j(3) is divided by d.
0
Let c = 13 - 13. Let t = 14 + c. Calculate the remainder when 80 is divided by t.
10
Let k = -415 - -699. What is the remainder when k is divided by 41?
38
Suppose 21*j - 530 - 226 = 0. Calculate the remainder when j is divided by 13.
10
Suppose -x - 2 = 2*g - 16, -g + 3*x = 7. Suppose 4*t - g*a = 90 + 10, -5*t + 4*a = -125. What is the remainder when t is divided by 14?
11
Let y = -7 + 19. Let n be (2 - 2)*8/16. Suppose 4*a - i - 186 + 51 = n, -20 = -4*i. Calculate the remainder when a is divided by y.
11
Let m(o) = o**2 - 5*o + 7. Let x be m(8). Let z = 69 - x. Calculate the remainder when z is divided by (3/6)/((-2)/(-80)).
18
Suppose 3*m = 37 - 7. Calculate the remainder when m is divided by 8.
2
Suppose 3*p = p + 8. Suppose -x = -2*b + 4*x - p, 4*b + 56 = -2*x. Let m = b + 19. What is the remainder when m is divided by 2?
1
Suppose 17*s = 13*s + 8, -5*s = 4*n - 102. Calculate the remainder when n is divided by (-47)/(-4) - (-1)/4.
11
Suppose -126 = -5*c - 46. Calculate the remainder when 60 is divided by c.
12
Let l = -109 - -147. Calculate the remainder when 377 is divided by l.
35
Let p = -6 + 6. Suppose p = 22*o - 15*o - 581. What is the remainder when o is divided by 17?
15
Let d be (-4)/(-6) + (-13)/(-39). What is the remainder when d/(4/(-464)*-4) is divided by 11?
7
Suppose i = 2*y - 13, i = -4 - 1. Suppose -y*t + 33 + 51 = m, 52 = 3*t - 2*m. What is the remainder when t is divided by 6?
2
Let x(c) = 13*c**2 - 4*c - 7. Calculate the remainder when x(5) is divided by 20.
18
Let b = 2170 + -2048. What is the remainder when 238 is divided by b?
116
Let p = -131 - -158. What is the remainder when 53 is divided by p?
26
Suppose -4*k = -19 - 1. Let q(p) = 6 - 4 + p + 4. Calculate the remainder when 32 is divided by q(k).
10
Suppose 4*u - 4*h + 2 = u, 3*h = -5*u + 16. Suppose -4*c + x - 80 = -3*x, -c + u*x - 23 = 0. Let s = -4 - c. Calculate the remainder when s is divided by 7.
6
Let z(o) = 2*o - 12. Let f be z(13). Let l = f + -6. Calculate the remainder when 22 is divided by l.
6
Suppose -130 - 453 = -11*l. Calculate the remainder when l is divided by 12.
5
Suppose h - 3*m - 18 = -1, -5*m = -h + 27. Suppose -p - 7 = -h*p. What is the remainder when 20 is divided by p?
6
Let g be (-9 - -15)/((-3)/(-548)). Suppose -3*t = 5*t - g. What is the remainder when t is divided by 20?
17
What is the remainder when 68 is divided by 65 + (-4)/(-8)*-5*2?
8
Suppose -5*w + 85 = -210. Let r = w - 35. What is the remainder when r is divided by 13?
11
Let h(r) = r + 4. Let d be h(3). Let q = d + 5. What is the remainder when 45 is divided by q?
9
Suppose 53 = -2*v - 2*u - 3, -3*v = -2*u + 99. Let m = v +